{"id":134,"date":"2025-07-28T14:02:58","date_gmt":"2025-07-28T14:02:58","guid":{"rendered":"https:\/\/psicomineria.cl\/?page_id=134"},"modified":"2025-09-03T00:43:45","modified_gmt":"2025-09-03T00:43:45","slug":"mision-vision","status":"publish","type":"page","link":"https:\/\/psicomineria.cl\/index.php\/mision-vision\/","title":{"rendered":"Mision &#8211; Vision"},"content":{"rendered":"\t\t<div data-elementor-type=\"wp-page\" data-elementor-id=\"134\" class=\"elementor elementor-134\" data-elementor-post-type=\"page\">\n\t\t\t\t\t\t<section class=\"elementor-section elementor-top-section elementor-element elementor-element-3fdb55f elementor-section-boxed elementor-section-height-default elementor-section-height-default\" data-id=\"3fdb55f\" data-element_type=\"section\" data-e-type=\"section\" data-settings=\"{&quot;background_background&quot;:&quot;classic&quot;}\">\n\t\t\t\t\t\t\t<div class=\"elementor-background-overlay\"><\/div>\n\t\t\t\t\t\t\t<div class=\"elementor-container elementor-column-gap-default\">\n\t\t\t\t\t<div class=\"elementor-column elementor-col-100 elementor-top-column elementor-element elementor-element-60f5ba0d\" data-id=\"60f5ba0d\" data-element_type=\"column\" data-e-type=\"column\">\n\t\t\t<div class=\"elementor-widget-wrap elementor-element-populated\">\n\t\t\t\t\t\t<section class=\"elementor-section elementor-inner-section elementor-element elementor-element-5fe761cf elementor-section-boxed elementor-section-height-default elementor-section-height-default\" data-id=\"5fe761cf\" data-element_type=\"section\" data-e-type=\"section\">\n\t\t\t\t\t\t<div class=\"elementor-container elementor-column-gap-default\">\n\t\t\t\t\t<div class=\"elementor-column elementor-col-100 elementor-inner-column elementor-element elementor-element-1b3afb82\" data-id=\"1b3afb82\" data-element_type=\"column\" data-e-type=\"column\">\n\t\t\t<div class=\"elementor-widget-wrap elementor-element-populated\">\n\t\t\t\t\t\t<div class=\"elementor-element elementor-element-4edd7e42 elementor-widget elementor-widget-elementskit-video\" data-id=\"4edd7e42\" data-element_type=\"widget\" data-e-type=\"widget\" data-widget_type=\"elementskit-video.default\">\n\t\t\t\t<div class=\"elementor-widget-container\">\n\t\t\t\t\t<div class=\"ekit-wid-con\" >\t\t<div class=\"video-content\" data-video-player=\"[]\" data-video-setting=\"{&quot;videoVolume&quot;:&quot;horizontal&quot;,&quot;startVolume&quot;:0.8000000000000000444089209850062616169452667236328125,&quot;videoType&quot;:&quot;iframe&quot;,&quot;videoClass&quot;:&quot;mfp-fade&quot;,&quot;videoStyle&quot;:&quot;popup&quot;,&quot;videoTypeName&quot;:&quot;youtube&quot;,&quot;autoplay&quot;:false,&quot;muted&quot;:false,&quot;loop&quot;:false}\">\n\t\t\t\n<a class=\"ekit_icon_button  ekit-video-popup ekit-video-popup-btn\" href=\"https:\/\/www.youtube.com\/embed\/BJq4d1-lHq8?feature=oembed?playlist=BJq4d1-lHq8&amp;mute=0&amp;autoplay=0&amp;loop=no&amp;controls=0&amp;start=0&amp;end=\" aria-label=\"video-popup\">\n\t\t\t\t<i aria-hidden=\"true\" class=\"icon icon-play\"><\/i>\t\t\n\t\t\t<\/a>\n\t\t\t\t\t\t\t<div class=\"ekit-hidden-icons\" hidden aria-hidden=\"true\">\n\t\t\t\t\t<i class=\"ekit-popup-close-icon icon icon-cancel\"><\/i>\t\t\t\t<\/div>\n\t\t<\/div>\n\t\t<\/div>\t\t\t\t<\/div>\n\t\t\t\t<\/div>\n\t\t\t\t<div class=\"elementor-element elementor-element-3eafcf91 elementor-widget elementor-widget-elementskit-heading\" data-id=\"3eafcf91\" data-element_type=\"widget\" data-e-type=\"widget\" data-widget_type=\"elementskit-heading.default\">\n\t\t\t\t\t<div class=\"ekit-wid-con\" ><div class=\"ekit-heading elementskit-section-title-wraper center   ekit_heading_tablet-   ekit_heading_mobile-\"><h3 class=\"elementskit-section-subtitle  \">\n\t\t\t\t\t\tActivemos la conciencia\n\t\t\t\t\t<\/h3><h2 class=\"ekit-heading--title elementskit-section-title \">PSICOMINERIA <\/h2><\/div><\/div>\t\t\t\t<\/div>\n\t\t\t\t\t<\/div>\n\t\t<\/div>\n\t\t\t\t\t<\/div>\n\t\t<\/section>\n\t\t\t\t\t<\/div>\n\t\t<\/div>\n\t\t\t\t\t<\/div>\n\t\t<\/section>\n\t\t<div class=\"elementor-element elementor-element-94eb473 e-flex e-con-boxed e-con e-parent\" data-id=\"94eb473\" data-element_type=\"container\" data-e-type=\"container\">\n\t\t\t\t\t<div class=\"e-con-inner\">\n\t\t<div class=\"elementor-element elementor-element-832e324 e-con-full e-flex e-con e-child\" data-id=\"832e324\" data-element_type=\"container\" data-e-type=\"container\">\n\t\t<div class=\"elementor-element elementor-element-undefined-c1f9efa e-con-full e-flex e-con e-child\" data-id=\"undefined-c1f9efa\" data-element_type=\"container\" data-e-type=\"container\">\n\t\t\t\t<div class=\"elementor-element elementor-element-undefined-089f5bd elementor-position-inline-start elementor-view-default elementor-mobile-position-block-start elementor-widget elementor-widget-icon-box\" data-id=\"undefined-089f5bd\" data-element_type=\"widget\" data-e-type=\"widget\" data-widget_type=\"icon-box.default\">\n\t\t\t\t\t\t\t<div class=\"elementor-icon-box-wrapper\">\n\n\t\t\t\t\t\t<div class=\"elementor-icon-box-icon\">\n\t\t\t\t<span  class=\"elementor-icon\">\n\t\t\t\t<svg aria-hidden=\"true\" class=\"e-font-icon-svg e-fas-eye\" viewBox=\"0 0 576 512\" xmlns=\"http:\/\/www.w3.org\/2000\/svg\"><path d=\"M572.52 241.4C518.29 135.59 410.93 64 288 64S57.68 135.64 3.48 241.41a32.35 32.35 0 0 0 0 29.19C57.71 376.41 165.07 448 288 448s230.32-71.64 284.52-177.41a32.35 32.35 0 0 0 0-29.19zM288 400a144 144 0 1 1 144-144 143.93 143.93 0 0 1-144 144zm0-240a95.31 95.31 0 0 0-25.31 3.79 47.85 47.85 0 0 1-66.9 66.9A95.78 95.78 0 1 0 288 160z\"><\/path><\/svg>\t\t\t\t<\/span>\n\t\t\t<\/div>\n\t\t\t\n\t\t\t\t\t\t<div class=\"elementor-icon-box-content\">\n\n\t\t\t\t\t\t\t\t\t<h3 class=\"elementor-icon-box-title\">\n\t\t\t\t\t\t<span  >\n\t\t\t\t\t\t\tVisi\u00f3n \t\t\t\t\t\t<\/span>\n\t\t\t\t\t<\/h3>\n\t\t\t\t\n\t\t\t\t\t\t\t\t\t<p class=\"elementor-icon-box-description\">\n\t\t\t\t\t\tPromover practicas innovadoras y sostenibles en el tiempo, generando valor agregado en cada uno de los servicios propuestos\u00a0\t\t\t\t\t<\/p>\n\t\t\t\t\n\t\t\t<\/div>\n\t\t\t\n\t\t<\/div>\n\t\t\t\t\t\t<\/div>\n\t\t\t\t<\/div>\n\t\t\t\t<\/div>\n\t\t<div class=\"elementor-element elementor-element-7501b87 e-con-full e-flex e-con e-child\" data-id=\"7501b87\" data-element_type=\"container\" data-e-type=\"container\">\n\t\t<div class=\"elementor-element elementor-element-28fb2ea e-con-full e-flex e-con e-child\" data-id=\"28fb2ea\" data-element_type=\"container\" data-e-type=\"container\">\n\t\t\t\t<div class=\"elementor-element elementor-element-61e7616 elementor-position-inline-start elementor-view-default elementor-mobile-position-block-start elementor-widget elementor-widget-icon-box\" data-id=\"61e7616\" data-element_type=\"widget\" data-e-type=\"widget\" data-widget_type=\"icon-box.default\">\n\t\t\t\t\t\t\t<div class=\"elementor-icon-box-wrapper\">\n\n\t\t\t\t\t\t<div class=\"elementor-icon-box-icon\">\n\t\t\t\t<span  class=\"elementor-icon\">\n\t\t\t\t<svg aria-hidden=\"true\" class=\"e-font-icon-svg e-far-calendar-check\" viewBox=\"0 0 448 512\" xmlns=\"http:\/\/www.w3.org\/2000\/svg\"><path d=\"M400 64h-48V12c0-6.627-5.373-12-12-12h-40c-6.627 0-12 5.373-12 12v52H160V12c0-6.627-5.373-12-12-12h-40c-6.627 0-12 5.373-12 12v52H48C21.49 64 0 85.49 0 112v352c0 26.51 21.49 48 48 48h352c26.51 0 48-21.49 48-48V112c0-26.51-21.49-48-48-48zm-6 400H54a6 6 0 0 1-6-6V160h352v298a6 6 0 0 1-6 6zm-52.849-200.65L198.842 404.519c-4.705 4.667-12.303 4.637-16.971-.068l-75.091-75.699c-4.667-4.705-4.637-12.303.068-16.971l22.719-22.536c4.705-4.667 12.303-4.637 16.97.069l44.104 44.461 111.072-110.181c4.705-4.667 12.303-4.637 16.971.068l22.536 22.718c4.667 4.705 4.636 12.303-.069 16.97z\"><\/path><\/svg>\t\t\t\t<\/span>\n\t\t\t<\/div>\n\t\t\t\n\t\t\t\t\t\t<div class=\"elementor-icon-box-content\">\n\n\t\t\t\t\t\t\t\t\t<h3 class=\"elementor-icon-box-title\">\n\t\t\t\t\t\t<span  >\n\t\t\t\t\t\t\tMisi\u00f3n \t\t\t\t\t\t<\/span>\n\t\t\t\t\t<\/h3>\n\t\t\t\t\n\t\t\t\t\t\t\t\t\t<p class=\"elementor-icon-box-description\">\n\t\t\t\t\t\tSer agentes del cambio frente a un mundo en constante transformaci\u00f3n industrial, cultural y humano, siendo las personas el activo m\u00e1s valioso de las organizaciones, maximizando su potencial y apostando a la eficiencia de las personas en cada subsistema\u00a0\t\t\t\t\t<\/p>\n\t\t\t\t\n\t\t\t<\/div>\n\t\t\t\n\t\t<\/div>\n\t\t\t\t\t\t<\/div>\n\t\t\t\t<\/div>\n\t\t\t\t<\/div>\n\t\t<div class=\"elementor-element elementor-element-65b6ed4 e-con-full e-flex e-con e-child\" data-id=\"65b6ed4\" data-element_type=\"container\" data-e-type=\"container\">\n\t\t\t\t<div class=\"elementor-element elementor-element-342df07 elementor-position-inline-start elementor-view-default elementor-mobile-position-block-start elementor-widget elementor-widget-icon-box\" data-id=\"342df07\" data-element_type=\"widget\" data-e-type=\"widget\" data-widget_type=\"icon-box.default\">\n\t\t\t\t\t\t\t<div class=\"elementor-icon-box-wrapper\">\n\n\t\t\t\t\t\t<div class=\"elementor-icon-box-icon\">\n\t\t\t\t<span  class=\"elementor-icon\">\n\t\t\t\t<svg aria-hidden=\"true\" class=\"e-font-icon-svg e-fas-head-side-virus\" viewBox=\"0 0 512 512\" xmlns=\"http:\/\/www.w3.org\/2000\/svg\"><path d=\"M272,240a16,16,0,1,0,16,16A16,16,0,0,0,272,240Zm-64-64a16,16,0,1,0,16,16A16,16,0,0,0,208,176Zm301.2,99c-20.93-47.12-48.43-151.73-73.07-186.75A207.9,207.9,0,0,0,266.09,0H192C86,0,0,86,0,192A191.23,191.23,0,0,0,64,334.81V512H320V448h64a64,64,0,0,0,64-64V320H480A32,32,0,0,0,509.2,275ZM368,240H355.88c-28.51,0-42.79,34.47-22.63,54.63l8.58,8.57a16,16,0,1,1-22.63,22.63l-8.57-8.58C290.47,297.09,256,311.37,256,339.88V352a16,16,0,0,1-32,0V339.88c0-28.51-34.47-42.79-54.63-22.63l-8.57,8.58a16,16,0,0,1-22.63-22.63l8.58-8.57c20.16-20.16,5.88-54.63-22.63-54.63H112a16,16,0,0,1,0-32h12.12c28.51,0,42.79-34.47,22.63-54.63l-8.58-8.57a16,16,0,0,1,22.63-22.63l8.57,8.58c20.16,20.16,54.63,5.88,54.63-22.63V96a16,16,0,0,1,32,0v12.12c0,28.51,34.47,42.79,54.63,22.63l8.57-8.58a16,16,0,0,1,22.63,22.63l-8.58,8.57C313.09,173.53,327.37,208,355.88,208H368a16,16,0,0,1,0,32Z\"><\/path><\/svg>\t\t\t\t<\/span>\n\t\t\t<\/div>\n\t\t\t\n\t\t\t\t\t\t<div class=\"elementor-icon-box-content\">\n\n\t\t\t\t\t\t\t\t\t<h3 class=\"elementor-icon-box-title\">\n\t\t\t\t\t\t<span  >\n\t\t\t\t\t\t\tValores\t\t\t\t\t\t<\/span>\n\t\t\t\t\t<\/h3>\n\t\t\t\t\n\t\t\t\t\t\t\t\t\t<p class=\"elementor-icon-box-description\">\n\t\t\t\t\t\tValoramos el respeto, potenciamos la colaboraci\u00f3n, seguridad, el cuidado personal y preocupados por la excelencia e innovaci\u00f3n empresarial\u00a0\t\t\t\t\t<\/p>\n\t\t\t\t\n\t\t\t<\/div>\n\t\t\t\n\t\t<\/div>\n\t\t\t\t\t\t<\/div>\n\t\t\t\t<\/div>\n\t\t\t\t\t<\/div>\n\t\t\t\t<\/div>\n\t\t\t\t<\/div>\n\t\t","protected":false},"excerpt":{"rendered":"<p>Activemos la conciencia PSICOMINERIA Visi\u00f3n Promover practicas innovadoras y sostenibles en el tiempo, generando valor agregado en cada uno de los servicios propuestos\u00a0 Misi\u00f3n Ser agentes del cambio frente a un mundo en constante transformaci\u00f3n industrial, cultural y humano, siendo las personas el activo m\u00e1s valioso de las organizaciones, maximizando su potencial y apostando a [&hellip;]<\/p>\n","protected":false},"author":2,"featured_media":0,"parent":0,"menu_order":0,"comment_status":"closed","ping_status":"closed","template":"","meta":{"footnotes":""},"class_list":["post-134","page","type-page","status-publish","hentry"],"yoast_head":"<!-- This site is optimized with the Yoast SEO plugin v27.4 - https:\/\/yoast.com\/product\/yoast-seo-wordpress\/ -->\n<title>Mision - Vision - psicomineria.cl<\/title>\n<meta name=\"robots\" content=\"index, follow, max-snippet:-1, max-image-preview:large, max-video-preview:-1\" \/>\n<link rel=\"canonical\" href=\"https:\/\/psicomineria.cl\/index.php\/mision-vision\/\" \/>\n<meta property=\"og:locale\" content=\"es_ES\" \/>\n<meta property=\"og:type\" content=\"article\" \/>\n<meta property=\"og:title\" content=\"Mision - Vision - psicomineria.cl\" \/>\n<meta property=\"og:description\" content=\"Activemos la conciencia PSICOMINERIA Visi\u00f3n Promover practicas innovadoras y sostenibles en el tiempo, generando valor agregado en cada uno de los servicios propuestos\u00a0 Misi\u00f3n Ser agentes del cambio frente a un mundo en constante transformaci\u00f3n industrial, cultural y humano, siendo las personas el activo m\u00e1s valioso de las organizaciones, maximizando su potencial y apostando a [&hellip;]\" \/>\n<meta property=\"og:url\" content=\"https:\/\/psicomineria.cl\/index.php\/mision-vision\/\" \/>\n<meta property=\"og:site_name\" content=\"psicomineria.cl\" \/>\n<meta property=\"article:modified_time\" content=\"2025-09-03T00:43:45+00:00\" \/>\n<meta name=\"twitter:card\" content=\"summary_large_image\" \/>\n<script type=\"application\/ld+json\" class=\"yoast-schema-graph\">{\"@context\":\"https:\\\/\\\/schema.org\",\"@graph\":[{\"@type\":\"WebPage\",\"@id\":\"https:\\\/\\\/psicomineria.cl\\\/index.php\\\/mision-vision\\\/\",\"url\":\"https:\\\/\\\/psicomineria.cl\\\/index.php\\\/mision-vision\\\/\",\"name\":\"Mision - Vision - psicomineria.cl\",\"isPartOf\":{\"@id\":\"https:\\\/\\\/psicomineria.cl\\\/#website\"},\"datePublished\":\"2025-07-28T14:02:58+00:00\",\"dateModified\":\"2025-09-03T00:43:45+00:00\",\"breadcrumb\":{\"@id\":\"https:\\\/\\\/psicomineria.cl\\\/index.php\\\/mision-vision\\\/#breadcrumb\"},\"inLanguage\":\"es\",\"potentialAction\":[{\"@type\":\"ReadAction\",\"target\":[\"https:\\\/\\\/psicomineria.cl\\\/index.php\\\/mision-vision\\\/\"]}]},{\"@type\":\"BreadcrumbList\",\"@id\":\"https:\\\/\\\/psicomineria.cl\\\/index.php\\\/mision-vision\\\/#breadcrumb\",\"itemListElement\":[{\"@type\":\"ListItem\",\"position\":1,\"name\":\"Portada\",\"item\":\"https:\\\/\\\/psicomineria.cl\\\/\"},{\"@type\":\"ListItem\",\"position\":2,\"name\":\"Mision &#8211; Vision\"}]},{\"@type\":\"WebSite\",\"@id\":\"https:\\\/\\\/psicomineria.cl\\\/#website\",\"url\":\"https:\\\/\\\/psicomineria.cl\\\/\",\"name\":\"psicomineria.cl\",\"description\":\"\",\"publisher\":{\"@id\":\"https:\\\/\\\/psicomineria.cl\\\/#organization\"},\"potentialAction\":[{\"@type\":\"SearchAction\",\"target\":{\"@type\":\"EntryPoint\",\"urlTemplate\":\"https:\\\/\\\/psicomineria.cl\\\/?s={search_term_string}\"},\"query-input\":{\"@type\":\"PropertyValueSpecification\",\"valueRequired\":true,\"valueName\":\"search_term_string\"}}],\"inLanguage\":\"es\"},{\"@type\":\"Organization\",\"@id\":\"https:\\\/\\\/psicomineria.cl\\\/#organization\",\"name\":\"psicomineria.cl\",\"url\":\"https:\\\/\\\/psicomineria.cl\\\/\",\"logo\":{\"@type\":\"ImageObject\",\"inLanguage\":\"es\",\"@id\":\"https:\\\/\\\/psicomineria.cl\\\/#\\\/schema\\\/logo\\\/image\\\/\",\"url\":\"https:\\\/\\\/psicomineria.cl\\\/wp-content\\\/uploads\\\/2025\\\/07\\\/logo90092.png\",\"contentUrl\":\"https:\\\/\\\/psicomineria.cl\\\/wp-content\\\/uploads\\\/2025\\\/07\\\/logo90092.png\",\"width\":1108,\"height\":440,\"caption\":\"psicomineria.cl\"},\"image\":{\"@id\":\"https:\\\/\\\/psicomineria.cl\\\/#\\\/schema\\\/logo\\\/image\\\/\"}}]}<\/script>\n<!-- \/ Yoast SEO plugin. -->","yoast_head_json":{"title":"Mision - Vision - psicomineria.cl","robots":{"index":"index","follow":"follow","max-snippet":"max-snippet:-1","max-image-preview":"max-image-preview:large","max-video-preview":"max-video-preview:-1"},"canonical":"https:\/\/psicomineria.cl\/index.php\/mision-vision\/","og_locale":"es_ES","og_type":"article","og_title":"Mision - Vision - psicomineria.cl","og_description":"Activemos la conciencia PSICOMINERIA Visi\u00f3n Promover practicas innovadoras y sostenibles en el tiempo, generando valor agregado en cada uno de los servicios propuestos\u00a0 Misi\u00f3n Ser agentes del cambio frente a un mundo en constante transformaci\u00f3n industrial, cultural y humano, siendo las personas el activo m\u00e1s valioso de las organizaciones, maximizando su potencial y apostando a [&hellip;]","og_url":"https:\/\/psicomineria.cl\/index.php\/mision-vision\/","og_site_name":"psicomineria.cl","article_modified_time":"2025-09-03T00:43:45+00:00","twitter_card":"summary_large_image","schema":{"@context":"https:\/\/schema.org","@graph":[{"@type":"WebPage","@id":"https:\/\/psicomineria.cl\/index.php\/mision-vision\/","url":"https:\/\/psicomineria.cl\/index.php\/mision-vision\/","name":"Mision - Vision - psicomineria.cl","isPartOf":{"@id":"https:\/\/psicomineria.cl\/#website"},"datePublished":"2025-07-28T14:02:58+00:00","dateModified":"2025-09-03T00:43:45+00:00","breadcrumb":{"@id":"https:\/\/psicomineria.cl\/index.php\/mision-vision\/#breadcrumb"},"inLanguage":"es","potentialAction":[{"@type":"ReadAction","target":["https:\/\/psicomineria.cl\/index.php\/mision-vision\/"]}]},{"@type":"BreadcrumbList","@id":"https:\/\/psicomineria.cl\/index.php\/mision-vision\/#breadcrumb","itemListElement":[{"@type":"ListItem","position":1,"name":"Portada","item":"https:\/\/psicomineria.cl\/"},{"@type":"ListItem","position":2,"name":"Mision &#8211; Vision"}]},{"@type":"WebSite","@id":"https:\/\/psicomineria.cl\/#website","url":"https:\/\/psicomineria.cl\/","name":"psicomineria.cl","description":"","publisher":{"@id":"https:\/\/psicomineria.cl\/#organization"},"potentialAction":[{"@type":"SearchAction","target":{"@type":"EntryPoint","urlTemplate":"https:\/\/psicomineria.cl\/?s={search_term_string}"},"query-input":{"@type":"PropertyValueSpecification","valueRequired":true,"valueName":"search_term_string"}}],"inLanguage":"es"},{"@type":"Organization","@id":"https:\/\/psicomineria.cl\/#organization","name":"psicomineria.cl","url":"https:\/\/psicomineria.cl\/","logo":{"@type":"ImageObject","inLanguage":"es","@id":"https:\/\/psicomineria.cl\/#\/schema\/logo\/image\/","url":"https:\/\/psicomineria.cl\/wp-content\/uploads\/2025\/07\/logo90092.png","contentUrl":"https:\/\/psicomineria.cl\/wp-content\/uploads\/2025\/07\/logo90092.png","width":1108,"height":440,"caption":"psicomineria.cl"},"image":{"@id":"https:\/\/psicomineria.cl\/#\/schema\/logo\/image\/"}}]}},"_links":{"self":[{"href":"https:\/\/psicomineria.cl\/index.php\/wp-json\/wp\/v2\/pages\/134","targetHints":{"allow":["GET"]}}],"collection":[{"href":"https:\/\/psicomineria.cl\/index.php\/wp-json\/wp\/v2\/pages"}],"about":[{"href":"https:\/\/psicomineria.cl\/index.php\/wp-json\/wp\/v2\/types\/page"}],"author":[{"embeddable":true,"href":"https:\/\/psicomineria.cl\/index.php\/wp-json\/wp\/v2\/users\/2"}],"replies":[{"embeddable":true,"href":"https:\/\/psicomineria.cl\/index.php\/wp-json\/wp\/v2\/comments?post=134"}],"version-history":[{"count":25,"href":"https:\/\/psicomineria.cl\/index.php\/wp-json\/wp\/v2\/pages\/134\/revisions"}],"predecessor-version":[{"id":896,"href":"https:\/\/psicomineria.cl\/index.php\/wp-json\/wp\/v2\/pages\/134\/revisions\/896"}],"wp:attachment":[{"href":"https:\/\/psicomineria.cl\/index.php\/wp-json\/wp\/v2\/media?parent=134"}],"curies":[{"name":"wp","href":"https:\/\/api.w.org\/{rel}","templated":true}]}}